w = -5*s. Let c = 43 - s. Calculate the greatest common factor of 126 and c.
14
Let z(f) = 22*f**2. Let p be z(2). Suppose 0 = w - 0*w - p. Let l be (-3 - 1)/((-1)/2). Calculate the greatest common divisor of w and l.
8
Let z be (0 + -1)/(2*(-2)/4). Calculate the greatest common factor of z and 3.
1
Suppose 0 = 3*s - 4*j - 26, s - j = 2*j + 12. What is the highest common divisor of 60 and s?
6
Let l = 34 + 0. What is the highest common divisor of l and 85?
17
Suppose -2*l + 0*l + 2 = 0. Let w(j) = j**3 + j + 1. Let h be w(0). What is the greatest common factor of l and h?
1
Let q = 122 - 86. What is the greatest common divisor of 54 and q?
18
Let g(x) = 2*x**2 - x. Let f be g(-1). Suppose 3*u = -4*y + 45, -f*u + 3*y - 53 = -7*u. Suppose -198 = 3*n - 5*n. What is the highest common factor of u and n?
11
Let b = 86 + -59. Let g(l) = l**3 + 4*l**2 - 4*l + 4. Let i be g(-5). Let k be (1 + -1 - 18)/i. Calculate the highest common factor of k and b.
9
Let h = 5 - 5. Suppose -3*f + 10 + 62 = h. What is the greatest common divisor of 8 and f?
8
Let m = 4 - -1. Suppose 30 = 4*v + 4*n + n, -m*v + n + 23 = 0. Let j be 8*3*(-3 + v). What is the greatest common divisor of j and 12?
12
Let o be ((-1)/2)/((-5)/30). Suppose -15 - 27 = -o*v. Calculate the highest common factor of v and 70.
14
Let v = 26 + -24. Suppose v*q - 81 = 63. Calculate the highest common factor of q and 24.
24
Suppose 0 = 4*w + 2 - 34. Calculate the greatest common divisor of 72 and w.
8
Suppose -32 = -5*k - t + 9, -3*k - 4*t + 11 = 0. Suppose 4*n - 4*y - 2 = n, 2*n + 17 = -y. Let l be 2*4*n/(-8). What is the greatest common divisor of l and k?
3
Let n(q) = q**3 + 7*q**2 + 8*q + 5. Let p be n(-6). Let x = 6 - p. What is the highest common factor of 13 and x?
13
Let r(w) = -8*w - 20. Let p be r(-6). What is the highest common divisor of p and 42?
14
Let n be (-2)/(-2) + -2 + -1. Let a(l) = 6*l**2 + 2*l + 3. Let w be a(n). Calculate the highest common factor of 46 and w.
23
Let c(w) = 3*w**2 + 3*w + 4. Let q be c(-2). What is the highest common divisor of q and 15?
5
Let z = -96 - -208. Suppose 4*n - i - 3*i - z = 0, -3*n + 82 = -4*i. Calculate the greatest common factor of n and 10.
10
Suppose -29 - 28 = -m. Let b(x) = x**2 + 4*x - 2. Let s be b(3). Calculate the greatest common divisor of m and s.
19
Let q(l) = 3*l**2 + 18*l + 15. Let o be q(-8). Suppose 4*x = 22 + 6. Calculate the greatest common factor of o and x.
7
Suppose 5*m = -2*q - 79, 0 = 3*q - 2*m + 50 + 59. Let v = q - -53. Suppose 6*f = f + 10. What is the greatest common divisor of f and v?
2
Let b be 9/6 - 2/4. Let z = 6 - b. Calculate the greatest common divisor of z and 35.
5
Let g be ((-40)/(-2))/(8/12). What is the highest common factor of g and 5?
5
Let u = -1 + 9. What is the greatest common divisor of 80 and u?
8
Suppose -5*s - 4*f = -604, 0*s + 3*f = 4*s - 477. Suppose 0 = 4*m + m + s. Let h be (3/4)/((-1)/m). Calculate the highest common factor of 27 and h.
9
Let y = 16 - 10. Suppose -v - 18 = -4*v. Calculate the highest common factor of v and y.
6
Let d = 18 - 10. Let l = d - 6. Suppose 2 - 8 = -l*o. What is the greatest common factor of 6 and o?
3
Let v = 9 - -5. Suppose 0 = -r - 2*r + 294. Calculate the greatest common divisor of v and r.
14
Let o = -52 - -66. What is the greatest common divisor of 21 and o?
7
Suppose 0 = -5*z - s - 2*s + 63, 5*s + 7 = z. Suppose -3*u + u = -z. Let h be 1 + 2*u + 1. Calculate the highest common factor of 7 and h.
7
Suppose -5*g = -7*g + 84. Calculate the greatest common factor of 28 and g.
14
Suppose 3*k = k + 10. Suppose k*y = -6 - 9. Let v be 4/(-12) + (-55)/y. What is the greatest common divisor of v and 126?
18
Let h(u) = -u**2 - 6*u + 5. Let w be 4/(-10) - 84/15. Let m be h(w). What is the greatest common factor of 1 and m?
1
Let x = 12 + 55. Suppose -4*j = -d + 7 - 3, -x = -4*d - j. Let z be (-5)/(-20) - (-190)/8. Calculate the greatest common factor of z and d.
8
Let k(b) = b + 10. Let m be k(0). Suppose -5*p - m = -0. Let t be (p/4)/(3/(-18)). Calculate the greatest common factor of 33 and t.
3
Suppose 4*g = 4*t + 3*g - 176, 2*t - 74 = -3*g. What is the greatest common divisor of 43 and t?
43
Suppose -24 = 4*u - 8*u. Let a = -6 + 44. Suppose -2*l + 10 = -4*w, 4*l - 2*w = a + 12. What is the highest common divisor of l and u?
3
Let j(x) = -x**2 - 10*x - 1. Let l(u) = u**3 - 10*u**2 + 8*u - 1. Let k be l(9). Let w be j(k). Let h = w + 7. Calculate the highest common factor of h and 66.
6
Let k(c) = c**2 - 8*c + 11. Let n be k(9). Calculate the highest common factor of 50 and n.
10
Suppose -j + 2*j = -4*h + 116, -3*j = -4*h - 284. What is the highest common factor of 20 and j?
20
Let v(m) = -m**3 - 2*m**2 + 2*m + 1. Let y be v(-3). Suppose 0 = 2*h + 2*h - 32. Calculate the highest common divisor of y and h.
4
Let z be (-1*5 - -2)*(-3)/3. Let v = 1 + 2. What is the highest common divisor of z and v?
3
Suppose -33 = 4*o - 789. Suppose -g - o = -4*g. What is the greatest common divisor of g and 9?
9
Suppose -2*t + 48 = -0*t. What is the highest common factor of t and 60?
12
Suppose 5*z = 2*a - 1, -a + 3 - 1 = -z. Suppose 5*i - z = -6. Let t be i - -2*26/4. Calculate the greatest common divisor of 48 and t.
12
Let x = -26 + 30. Calculate the greatest common factor of x and 16.
4
Let m be (-4)/2 + (2 - -1). Suppose 3*t + 2 = 11. Calculate the highest common factor of t and m.
1
Let l = -16 - -9. Let j = l + 12. Let h(a) = a**3 - 4*a**2 - 3*a. Let n be h(j). Calculate the highest common divisor of n and 30.
10
Let i be ((-1)/2)/(8/(-160)). Let g be (2 - i)/((-2)/21). What is the highest common divisor of g and 12?
12
Let y be -5*3 - (-4 - -3). Let j be (-7)/y + (-2)/(-4). What is the greatest common factor of 1 and j?
1
Let a be 18/(-12)*10/(-3). Let n(v) = 4 + v**3 + 12*v**2 - a*v - 2*v**3 - 3*v + 3*v. Let o be n(10). Calculate the greatest common factor of o and 14.
14
Suppose 2*i + 0*i - 30 = -2*p, i = -4*p + 60. Calculate the highest common factor of 6 and p.
3
Let l be (1 - -4)*12/(-10). Let a(v) = 4*v - 1. Let x be a(-2). Let q = l - x. Calculate the greatest common divisor of 15 and q.
3
Suppose 3*q - 3 = 5*t, -t + 5 = 3*q + 20. Let b be (-812)/(-4) - t/(-1). What is the greatest common divisor of b and 25?
25
Let k(r) = 6*r**2 + 4*r - 4. Let j be k(1). What is the highest common divisor of j and 9?
3
Let n(k) = k**2 - 12*k - 15. Let y be n(13). Let l be (-11 - -9) + (-22)/y. Calculate the greatest common factor of 72 and l.
9
Let m be (-3)/2*-16*(-3)/(-6). What is the greatest common divisor of 12 and m?
12
Let m be -1 - (-1 + 2 - 23). Suppose -4*l - l = -2*x - m, -x + 2*l = 9. Let r = x + 15. Calculate the highest common divisor of r and 108.
12
Let g(z) = 11*z - 9. Let a be g(6). Calculate the greatest common divisor of 19 and a.
19
Let h(f) = f**3 + 8*f**2 - 2. Let j be h(-7). Let k = -66 + j. Let g be 8/(-20)*(k + -1). Calculate the highest common factor of 1 and g.
1
Let n = -4 + 3. Let z be ((-26)/3)/(n/(-3)). Let v = -16 - z. Calculate the greatest common divisor of v and 40.
10
Let z(o) = -o**3 - o + 10. Let y be z(0). Let c = 352 - 282. Calculate the greatest common divisor of y and c.
10
Suppose 17 - 65 = 3*b. Let l = b + 28. Suppose 0 = -4*k - 9 + 33. What is the greatest common factor of l and k?
6
Suppose 29*t - 26*t - 867 = 0. Calculate the highest common divisor of 17 and t.
17
Suppose 3*u = -2*o + 4, 4*u + 2*o = 10 - 2. Suppose -2*l = -u*x + 334, 2*l + 87 = x - 2*l. Let d = x - 31. What is the highest common factor of 13 and d?
13
Suppose -3*l - 3*u = -126, -2*u - 42 = -l - 0*u. What is the highest common factor of 105 and l?
21
Suppose 8*y - 4*y - 40 = 0. Calculate the highest common divisor of 90 and y.
10
Suppose 2*n = 5*p + 94 - 3, 0 = 2*n + 4. Let t = p + 91. Let v be ((-1)/(-2))/(3/48). What is the highest common divisor of t and v?
8
Let i be 0 + -2 + 1 - -4. Suppose q + 2*c - 6 = 5, -4*c + 18 = -2*q. Let n be 36/(-27)*(-9)/q. Calculate the highest common divisor of n and i.
3
Let q be (3/2)/((-9)/(-138)). Suppose -221 = -3*l - q. What is the greatest common factor of 11 and l?
11
Suppose 0 = u + 2*t - 40, -3*u = -u + 5*t - 84. Calculate the highest common divisor of 8 and u.
8
Suppose p - 20 = -0*p - 3*n, -4*p = -4*n - 64. Calculate the greate